1?
-224
In base 7, what is -1 - 240?
-241
In base 14, what is 1 - -3b?
3c
In base 13, what is -8 - 7?
-12
In base 8, what is 3654 - 2?
3652
In base 12, what is 2b - -8?
37
In base 6, what is -4 + -230?
-234
In base 3, what is 102011 + -12?
101222
In base 12, what is -373 + 0?
-373
In base 14, what is -96 + -13?
-a9
In base 7, what is 100 + 4?
104
In base 6, what is -15 - 100?
-115
In base 16, what is -ad + f?
-9e
In base 11, what is -2 - -71?
6a
In base 3, what is 210101 - 22?
210002
In base 12, what is -243 - -2?
-241
In base 16, what is -2a + -8?
-32
In base 3, what is -11110 - 2?
-11112
In base 15, what is -41cd + 1?
-41cc
In base 9, what is 111 - 4?
106
In base 15, what is 1e - e?
10
In base 14, what is 3756 + -4?
3752
In base 6, what is 1 + -412?
-411
In base 13, what is a + 17?
24
In base 13, what is 152a - -1?
152b
In base 7, what is -6 - -52?
43
In base 11, what is 3 - 54?
-51
In base 12, what is -167 + 0?
-167
In base 6, what is 1012 + -45?
523
In base 14, what is b0 - 17?
97
In base 4, what is 30 + -32?
-2
In base 3, what is 10210 - -2?
10212
In base 6, what is -3 + -105234?
-105241
In base 4, what is -10130 - -100?
-10030
In base 16, what is 15 - -28?
3d
In base 15, what is 3 - dc?
-d9
In base 14, what is -4 - 12?
-16
In base 10, what is -14 + -453?
-467
In base 16, what is 4 + -55?
-51
In base 8, what is -175 + -7?
-204
In base 8, what is 137 - -32?
171
In base 15, what is 1121 + 0?
1121
In base 8, what is -1 + -2722?
-2723
In base 11, what is 36 - 8?
29
In base 14, what is -a5d + -5?
-a64
In base 10, what is 0 - -362?
362
In base 3, what is 0 + 122?
122
In base 13, what is -5 + -b?
-13
In base 12, what is -9a90 + -2?
-9a92
In base 2, what is 1100011 + -1010100?
1111
In base 7, what is 5556 - -11?
5600
In base 14, what is -26 - 26?
-4c
In base 10, what is 56 + -1?
55
In base 10, what is 43 - 5?
38
In base 12, what is 95 + -84?
11
In base 15, what is -1d61 - 4?
-1d65
In base 8, what is 442 - 0?
442
In base 4, what is -111 - -101?
-10
In base 5, what is 34121 + -2?
34114
In base 8, what is -1566 + -1?
-1567
In base 11, what is 4 + -43a?
-436
In base 2, what is -1001111 + 11101111?
10100000
In base 3, what is 1 + 102122?
102200
In base 8, what is 137 - 35?
102
In base 9, what is -1837 + -4?
-1842
In base 7, what is 11 + -161?
-150
In base 10, what is 0 + -389?
-389
In base 3, what is 20010 + -10002?
10001
In base 8, what is -705 - 1?
-706
In base 6, what is 5425 + 1?
5430
In base 16, what is 0 - 6e?
-6e
In base 16, what is d6c - 1?
d6b
In base 7, what is 24 - 2660?
-2633
In base 10, what is -5 + -14?
-19
In base 16, what is -88 + -5?
-8d
In base 10, what is 356 + 12?
368
In base 11, what is -4 + -304?
-308
In base 4, what is -23 - -10?
-13
In base 7, what is 1326 - -1?
1330
In base 13, what is 2b2 - 0?
2b2
In base 11, what is 7 - 1a2?
-196
In base 6, what is -20 - 121?
-141
In base 4, what is 12 + -120?
-102
In base 2, what is -10010010 - -1?
-10010001
In base 11, what is -146 - 5?
-150
In base 2, what is -10 - -100100?
100010
In base 9, what is -3 - -128?
125
In base 15, what is -3 - 825?
-828
In base 6, what is -4210 + -5?
-4215
In base 13, what is 3 - 48?
-45
In base 12, what is -19a + 12?
-188
In base 7, what is 1 + -101?
-100
In base 12, what is 0 + -414?
-414
In base 9, what is -611 - 4?
-615
In base 9, what is -611 + 1?
-610
In base 7, what is -2450 - -43?
-2404
In base 5, what is 0 + -424?
-424
In base 4, what is 230 + 12?
302
In base 6, what is -21310 + 3?
-21303
In base 4, what is 2 + 213130?
213132
In base 4, what is -10300 - 3?
-10303
In base 9, what is -6 + -175?
-182
In base 11, what is -4 + -117?
-120
In base 11, what is 2222 - -3?
2225
In base 12, what is 34 - 73?
-3b
In base 5, what is 1312 - 3?
1304
In base 6, what is 514 + 3?
521
In base 11, what is 0 + -a34?
-a34
In base 4, what is 2 - -2203?
2211
In base 8, what is 14 - 5?
7
In base 12, what is 8 - -1?
9
In base 14, what is 4 - -23b?
241
In base 2, what is -1110101 - -1010?
-1101011
In base 4, what is 2 - 102111?
-102103
In base 7, what is 1 - -313?
314
In base 16, what is 1ab - -13?
1be
In base 9, what is -231 - -2?
-228
In base 15, what is -a + d7?
cc
In base 11, what is 1 - 13?
-12
In base 16, what is 6a - -3e?
a8
In base 10, what is 3 + 4070?
4073
In base 3, what is -112 + 1022?
210
In base 7, what is -3 + -30?
-33
In base 4, what is -1 + -33031?
-33032
In base 2, what is 100 + 111011?
111111
In base 2, what is -111011100011 - -11?
-111011100000
In base 11, what is -3 - 1559?
-1561
In base 11, what is 200 - -4?
204
In base 2, what is 11100011011 + 11?
11100011110
In base 2, what is 0 - -10111?
10111
In base 7, what is 14 - -35?
52
In base 14, what is a + 10a?
116
In base 6, what is 2 + 51?
53
In base 6, what is -243521 - -4?
-243513
In base 12, what is -ab2 + -5?
-ab7
In base 16, what is -6 - 15?
-1b
In base 6, what is -4 + -11121?
-11125
In base 15, what is 45b + -7?
454
In base 2, what is 10011011001 + -101?
10011010100
In base 4, what is 10 + -320?
-310
In base 5, what is 4212 + -4?
4203
In base 13, what is -3 - 41a?
-420
In base 2, what is -101 - 1110?
-10011
In base 8, what is 26 - 14?
12
In base 9, what is -2 + 1070?
1067
In base 5, what is -311 + 24?
-232
In base 11, what is 2 + 1?
3
In base 9, what is -1653 + -7?
-1661
In base 2, what is 1000 + 1001000?
1010000
In base 13, what is 159a + 4?
15a1
In base 4, what is -1221230 + -3?
-1221233
In base 16, what is 0 + -33?
-33
In base 7, what is -432 + 0?
-432
In base 13, what is -c - -5?
-7
In base 3, what is 10 + 122210?
122220
In base 4, what is 10 + 3311?
3321
In base 13, what is -2 - 21c3?
-21c5
In base 8, what is 3050 - 5?
3043
In base 10, what is -18 + -54?
-72
In base 6, what is 10 + -43?
-33
In base 15, what is -12 + 3?
-e
In base 5, what is 44421 - -3?
44424
In base 4, what is -11 - 10200?
-10211
In base 5, what is 4044 + 3?
4102
In base 13, what is 2 + -9?
-7
In base 6, what is 14 + 15?
33
In base 12, what is 2a + 7?
35
In base 11, what is -366 + -3?
-369
In base 6, what is 3 + 23032?
23035
In base 2, what is 1100100100 - 101?
1100011111
In base 10, what is 1 - 125?
-124
In base 4, what is 3011 + -1?
3010
In base 4, what is -1 - 301?
-302
In base 7, what is -155 - -110?
-45
In base 7, what is -55 + -64?
-152
In base 8, what is -3 - 54?
-57
In base 7, what is 3 + 141?
144
In base 12, what is 2 + -224?
-222
In base 6, what is -1532 + 102?
-1430
In base 7, what is -20 - -26?
6
In base 13, what is 0 - 161?
-161
In base 2, what is 1001100 - 110?
1000110
In base 7, what is -1150 + 1?
-1146
In base 13, what is -61 - 5?
-66
In base 8, what is 1212 - -12?
1224
In base 3, what is -1101102 - -12?
-1101020
In base 13, what is -1327 + -2?
-1329
In base 13, what is -4 - 57?
-5b
In base 9, what is -3 - -17?
14
In base 9, what is 10452 + 1?
10453
In base 4, what is 32311 - 0?
32311
In base 11, what is 23 + -5?
19
In base 3, what is -1 + 12020?
12012
In base 5, what is -2 + -3123?
-3130
In base 12, what is 175b - -3?
1762
In base 9, what is 4215 - -4?
4220
In base 8, what is 5 + -1022?
-1015
In base 5, what is -1 - 23133?
-23134
In base 2, what is -100 + 10001101?
10001001
In base 10, what is 10798 + -1?
10797
In base 5, what is -14 + -1142?
-1211
In base 16, what is 3 + 2f?
32
In base 11, what is -453 - 4?
-457
In base 7, what is 4 - 160?
-153
In base 9, what is -1 + 64?
63
In base 10, what is -3 + 34?
31
In base 13, what is 1b - -7c?
9a
In base 15, what is -11 - -4?
-c
In base 10, what is -5 + -1317?
-1322
In base 11, what is -642 - -16?
-627
In base 15, what is 19a + -5?
195
In base 7, what is -3 - 2132?
-2135
In base 15, what is 2 + -23?
-21
In base 7, what is 30 + -130?
-100
In base 13, what is -a8 - 7?
-b2
In base 15, what is 1 + -448?
-447
In base 9, what is 324 - -6?
331
In base 8, what is 75 + 6?
103
In base 15, what is 7 + 24?
2b
In base 7, what is -3 - 6002?
-6005
In base 4, what is -230213 + 1?
-230212
In base 8, what is -10 + -107?
-117
In base 13, what is -4 - 4b?
-52
In base 2, what is 10 - 11001100?
-11001010
In base 10, what is -4 - -93?
89
In base 11, what is 149a9 - -4?
14a02
In base 11, what is -450a - 2?
-4511
In base 9, what is 238 - 23?
215
In base 12, what is -3a - -11?
-29
In base 14, what is -851 + 3?
-84c
In base 16, what is f2d + 0?
f2d
In base 15, what is 31 - 10b?
-ca
In base 8, w